= -520, 374 = 3*x + 5*l. What is the units digit of x?
8
Suppose 20727 = -429*l + 438*l. Let s = l - 1451. What is the units digit of s?
2
Let q = -19691 - -44443. What is the tens digit of q?
5
Suppose -3*a - 19 = -67. Suppose -3299 = -a*b + 2157. What is the tens digit of b?
4
Let s(z) = 71*z**2 + 70*z + 2181. What is the thousands digit of s(-23)?
8
Let x(r) = -r**3 + 3*r - 1. Let t be x(2). Let y(l) = -17*l - 12. Let w(s) = 22*s + 12. Let p(m) = -5*w(m) - 4*y(m). What is the tens digit of p(t)?
1
Let h(u) = -28*u - 31. Suppose 14 = -3*s - 5*c, -5*c = -5*s + 3*s - 1. What is the units digit of h(s)?
3
Suppose 481 - 1 = 8*i. What is the units digit of i?
0
Suppose 0 = -c + 4 + 43. Suppose c*z - 52*z = -980. Suppose -o + z = 34. What is the hundreds digit of o?
1
Let h(u) be the first derivative of -11*u**4/2 + 4*u**3/3 - 5*u**2/2 - 2*u - 108. What is the hundreds digit of h(-4)?
4
Let b(x) = 113*x - 2. Let v(j) = -j - 10. Let w be v(-12). What is the hundreds digit of b(w)?
2
Let x(p) = p**3 + 5*p**2 - 10*p - 20. Let v be x(-6). Suppose v*w - 3*k = 4 + 2, 2*k + 4 = 0. Suppose w = 6*f - 346 - 200. What is the tens digit of f?
9
Let y = 2359 - -106. What is the hundreds digit of y?
4
Let i(q) = -14*q**3 - 23*q**2 - 41*q - 160. What is the hundreds digit of i(-10)?
9
Suppose -2*l + 23 = 5*k, -6*k - 3*l - 23 = -10*k. Suppose -k*a - 1227 = -2*o - 4*a, -1232 = -2*o - 4*a. What is the hundreds digit of o?
6
Let v = 15027 + -10178. What is the thousands digit of v?
4
Suppose 10*s + 54*s - 685888 = 0. What is the thousands digit of s?
0
Let d be (2496/28)/((-3)/(-1386)). Suppose 42*g - d = 6*g. What is the units digit of g?
4
What is the hundreds digit of ((-344)/2)/(-2)*((-1722)/(-12) + 11)?
2
Let i(c) = -2*c**2 + 30*c - 72. Let v be i(12). Suppose 0 = 3*m + 3*h - 4905 + 1092, 4*m - 3*h - 5105 = v. What is the hundreds digit of m?
2
Suppose 0 = 62*i - 711 - 95. Suppose 530 = 15*v - i*v. What is the hundreds digit of v?
2
Let t = 1957 - -4558. What is the thousands digit of t?
6
Let p = 34555 + -18992. What is the ten thousands digit of p?
1
Let m be 1 + 4/4 + 144. Let n = -141 + m. Suppose d + 30 - 247 = -n*t, -5*d - 4*t = -1169. What is the hundreds digit of d?
2
Let b(g) = -g**2 + 29*g + 170. Let c be b(34). Suppose -3*u = -5*w + 1453, w = -c*w + 4*u + 294. What is the hundreds digit of w?
2
Let l be (-1 + 2)/(45/2115). Suppose -52*x + l*x = -2*v + 769, -2*v - 5*x = -759. What is the tens digit of v?
8
Suppose 0 = -6*c + 24 + 18. Suppose c*d + 91 - 7 = 0. What is the units digit of (-88)/d*(21 - 3)?
2
Suppose 4*i + 3*q = -17 - 1695, -2*q - 1285 = 3*i. Let x = 805 + i. What is the tens digit of x?
7
Suppose -29*u + 24 = -25*u. Suppose -4*z + 2*c + 2232 = u*c, 4*c - 16 = 0. Suppose 2*r = -2*b + z, 0 = r - 5*b - 309 + 2. What is the units digit of r?
2
Let j = 17122 - 8230. What is the units digit of j?
2
Suppose 3*m - 377 = -2309. Let d = m - -993. What is the tens digit of d?
4
Let z(y) = -25*y**3 - 23*y - 55. What is the tens digit of z(-3)?
8
Let m(q) = -q**3 + 9*q**2 + 4. Let d be m(9). Suppose 0 = 2*v - 8, -d*v + 14 = 5*z - 12. What is the units digit of 124/(-3)*z/4*-3?
2
Let i(h) = h**2 - 9*h + 435. What is the units digit of i(-33)?
1
Suppose 16 = 4*w - 20. Suppose -w*h + 1701 = -0*h. What is the tens digit of h?
8
Suppose -98*m + 36*m = -425320. What is the tens digit of m?
6
Let i(y) = -15*y + 93. Let v be i(26). Let w = -77 - v. What is the tens digit of w?
2
Suppose j = -5*f + 22148, 88541 = 5*j - j + 3*f. What is the units digit of j?
3
Suppose 69*o - 12 = 72*o, 2*a + 2*o - 197984 = 0. What is the tens digit of a?
9
Let g(c) = -145*c + 2799. What is the thousands digit of g(-19)?
5
Suppose 3 = 2*f + 371. Let g = -81 - f. Suppose -g = -4*j + 217. What is the tens digit of j?
8
Let j(d) be the first derivative of 1/3*d**3 - 43 - 13/2*d**2 + 22*d. What is the tens digit of j(18)?
1
Let i(u) = u**3 + 14*u**2 + 42*u + 22. Let w be i(-10). Suppose w*k = 645 + 577. What is the units digit of k?
1
What is the tens digit of (-18)/10*(43 + -4228)?
3
Let q = -32 - 20. What is the hundreds digit of q/91 + (-12734)/(-14)?
9
Suppose -16*i - 20*i + 188520 = -181164. What is the hundreds digit of i?
2
Let w(x) = -2*x**3 + 120*x**2 - 29*x + 14. What is the hundreds digit of w(59)?
2
Let a(h) = -85*h**2 - 3*h + 3. Let w be a(2). Let f be 21/(168/(-80)) + 524. Let j = w + f. What is the hundreds digit of j?
1
Let u(z) be the second derivative of 41*z**4/6 + 5*z**3/6 - 4*z**2 - 3*z + 1. What is the tens digit of u(2)?
3
Suppose -4*a + 5*j + 243 = 0, -2*a + 0*a + 119 = -5*j. Let d(r) = -33 - 36 + a - 4*r + 3*r**2. What is the units digit of d(-3)?
2
Let m(o) = -2*o**3 + 2*o**2 - 32*o + 3. Let d be m(6). Let z = 1268 + d. What is the units digit of z?
9
Let q be (8/(-20))/(1/(-40)). Let s = -12 + q. Suppose -4*f + 284 = b, 288 = s*f + b + b. What is the units digit of f?
0
Suppose 117*z - 120*z + 144 = 0. Suppose 0 = -3*w + k + z, -2*w = -0*k - k - 32. What is the units digit of w?
6
Suppose 0 = 5*u + 5, -u + 3*u = -3*n - 2. Let z(f) = -f**3 + 5*f**2 - 2*f + 13. Let w be z(5). Suppose n*v + w*v = 642. What is the hundreds digit of v?
2
Let a be ((-6878)/(-5))/((189/90)/21). Suppose -35461 = -15*r - a. What is the tens digit of r?
4
Let m(b) be the second derivative of -b**5/20 + 17*b**4/12 - 14*b**3/3 + 2*b**2 + 22*b - 1. What is the tens digit of m(14)?
0
Let z = -39 + 42. Suppose -h + 2*h - 3*f = z, 33 = -5*h - f. What is the units digit of (212/(-6))/(4/h)?
3
Suppose -4*h + 38 = 2*s - 0*h, -5*h - 63 = -4*s. Let n(m) = 4 + m**3 + 5*m - s*m**2 + 7 + 0. What is the units digit of n(17)?
6
Let d(y) = 13*y - 30. Let q be d(3). Let s be (18/(-24) - q/4) + -93. Let w = s - -258. What is the units digit of w?
2
Suppose 240*y + 60098 = 272*y - 179358. What is the thousands digit of y?
7
Let m(k) = -1204*k + 61 - 1203*k + 2415*k + k**2. What is the units digit of m(-21)?
4
Let n(g) = -4*g + 24. Let b be n(8). Let f = -19 - b. Let z = -6 - f. What is the units digit of z?
5
Suppose -104*g + 564616 = -0*g. What is the tens digit of g?
2
Suppose 5*u = 5*l - 650, -7*u + 9*u = -3*l - 275. Let j = u - -788. What is the tens digit of j?
5
Let c(a) = 4*a**2 - 192*a - 208. What is the hundreds digit of c(68)?
2
Suppose -10*o = -3*v + 85667, -5*o - 142685 = -5*v - 0*o. What is the units digit of v?
9
Let t(c) = -284*c + 2397. What is the hundreds digit of t(-39)?
4
Suppose -3*j + 215 = 2*j. Let g = -43 + j. Suppose 234 = -g*l + 9*l. What is the units digit of l?
6
Let h = 51 - 47. Let r be (h + -6)/((-2)/((-8)/4)). Let n(l) = -21*l - 9. What is the units digit of n(r)?
3
Let h = 1868 - 1888. Suppose 2*z + 3*m + 41 = -100, 4*z - 3*m = -255. What is the tens digit of 10*(z/(-14) - h/70)?
5
Let n = 211 + -206. Let g(x) = 5*x**3 - 4*x**2 + 4*x + 6. What is the units digit of g(n)?
1
Suppose -5*q + 57 = 37. Let z be -4*(-21)/14*498/q. Suppose 4*x - z = -h, -4*h = 5*x + h - 945. What is the units digit of x?
6
Suppose 122*s = 115*s + 14. Let y(f) = 101*f**3 + 5. What is the hundreds digit of y(s)?
8
Suppose -3*x + 75 = -3*b, 7*x = 4*x + 2*b + 72. Let r(k) = 4*k**2 - 73*k - 54. What is the hundreds digit of r(x)?
2
Let h = 92858 - 47861. What is the hundreds digit of h?
9
Suppose 0 = 23*g + 54258 - 255730 - 109925. What is the ten thousands digit of g?
1
Let x(w) = w**3 + 60*w**2 + 68*w - 64. What is the units digit of x(-58)?
0
Let i(t) = -70*t + 5. Let x be i(-6). Let f = -87 + x. What is the units digit of f?
8
Suppose -85151 = -10*p - 12*p + 81367. What is the units digit of p?
9
Suppose 5 = 26*u - 25*u. Let a(q) = -5*q + 30*q - 12 + 5*q. What is the hundreds digit of a(u)?
1
Suppose 6*m + 4*g - 19 = m, -4*m = -g - 11. Suppose 4*k = -4*c + 960, -m*c + 0*k + 3*k + 702 = 0. What is the units digit of c?
7
Let h(c) = 2*c**2 - 35*c + 162. What is the units digit of h(25)?
7
Suppose 2*o - 3*k = 7227, -2*o + 1737 = -5*k - 5484. What is the tens digit of o?
1
Let l = -4358 + 7649. What is the units digit of l?
1
Suppose 5*w + 88*m - 163042 = 92*m, 4*m = 28. What is the units digit of w?
4
Let g be 875/(-9) + 6/27. Let q = 34 - g. What is the units digit of q?
1
Let a(j) = -20*j**3 - j**2 + 2*j + 1. Let w be (2/(-4))/(3/12). Let y be a(w). Suppose -450 + y = -3*v. What is the unit